{"id":46,"date":"2020-10-15T17:59:50","date_gmt":"2020-10-15T22:59:50","guid":{"rendered":"https:\/\/fundacionpia.org\/?page_id=46"},"modified":"2022-05-19T18:55:53","modified_gmt":"2022-05-19T23:55:53","slug":"la-fundacion","status":"publish","type":"page","link":"https:\/\/fundacionpia.org\/?page_id=46","title":{"rendered":"La Fundaci\u00f3n"},"content":{"rendered":"<p>[et_pb_section fb_built=&#8221;1&#8243; next_background_color=&#8221;#ffffff&#8221; _builder_version=&#8221;4.6.5&#8243; _module_preset=&#8221;default&#8221; background_image=&#8221;https:\/\/image.freepik.com\/free-photo\/couple-holding-hands-green-meadow_1150-26188.jpg&#8221; parallax=&#8221;on&#8221; height=&#8221;640px&#8221; bottom_divider_style=&#8221;waves2&#8243; da_disable_devices=&#8221;off|off|off&#8221; global_colors_info=&#8221;{}&#8221; da_is_popup=&#8221;off&#8221; da_exit_intent=&#8221;off&#8221; da_has_close=&#8221;on&#8221; da_alt_close=&#8221;off&#8221; da_dark_close=&#8221;off&#8221; da_not_modal=&#8221;on&#8221; da_is_singular=&#8221;off&#8221; da_with_loader=&#8221;off&#8221; da_has_shadow=&#8221;on&#8221;][et_pb_row _builder_version=&#8221;4.6.5&#8243; _module_preset=&#8221;default&#8221; global_colors_info=&#8221;{}&#8221;][et_pb_column type=&#8221;4_4&#8243; _builder_version=&#8221;4.6.5&#8243; _module_preset=&#8221;default&#8221; global_colors_info=&#8221;{}&#8221;][et_pb_text _builder_version=&#8221;4.6.5&#8243; _module_preset=&#8221;default&#8221; text_font=&#8221;Ubuntu|300|||||||&#8221; text_text_color=&#8221;#ffffff&#8221; text_font_size=&#8221;18px&#8221; header_font=&#8221;Ubuntu|700|||||||&#8221; header_text_color=&#8221;#ffffff&#8221; background_color=&#8221;rgba(0,0,0,0.4)&#8221; text_orientation=&#8221;justified&#8221; width=&#8221;70%&#8221; custom_padding=&#8221;15px|15px|15px|15px|true|true&#8221; text_text_shadow_style=&#8221;preset1&#8243; border_radii=&#8221;on|20px|20px|20px|20px&#8221; border_width_all=&#8221;2px&#8221; border_color_all=&#8221;#ffffff&#8221; box_shadow_style=&#8221;preset1&#8243; box_shadow_color=&#8221;#ffffff&#8221; global_colors_info=&#8221;{}&#8221;]<\/p>\n<h1>La Fundaci\u00f3n P\u00eda<\/h1>\n<p>Nace del amor incondicional, perseverancia y fe de una Madre preocupada por la salud mental, f\u00edsica y espiritual de su hijo.<\/p>\n<p>No sabiendo lo que estaba sucediendo con su hijo acudi\u00f3 a varios recursos que hab\u00eda disponibles en su tiempo, psicolog\u00eda, polic\u00eda y la iglesia.<\/p>\n<p>La psicolog\u00eda la ayudo a entender lo que estaba sucediendo, pero no a su hijo, porque no estaba listo. La polic\u00eda arresto su drogadicci\u00f3n, pero no consigui\u00f3 que parara o cambiara a un ser productivo. Lo \u00fanico que ayudo a sobrellevar esta condici\u00f3n por 18 a\u00f1os fue la fe y entrega de esa Madre.<\/p>\n<p>Es con estos valores, principios, la experiencia vivida y el conocimiento de c\u00f3mo prevenir, apoyar y tratar las enfermedades mentales. Este es el por qu\u00e9 la fundaci\u00f3n nace para ayudar a toda persona afectada a alcanzar un estado de bienestar.<\/p>\n<p>[\/et_pb_text][\/et_pb_column][\/et_pb_row][\/et_pb_section][et_pb_section fb_built=&#8221;1&#8243; _builder_version=&#8221;4.6.5&#8243; _module_preset=&#8221;default&#8221; da_disable_devices=&#8221;off|off|off&#8221; global_colors_info=&#8221;{}&#8221; da_is_popup=&#8221;off&#8221; da_exit_intent=&#8221;off&#8221; da_has_close=&#8221;on&#8221; da_alt_close=&#8221;off&#8221; da_dark_close=&#8221;off&#8221; da_not_modal=&#8221;on&#8221; da_is_singular=&#8221;off&#8221; da_with_loader=&#8221;off&#8221; da_has_shadow=&#8221;on&#8221;][et_pb_row column_structure=&#8221;1_2,1_2&#8243; make_equal=&#8221;on&#8221; _builder_version=&#8221;4.6.5&#8243; _module_preset=&#8221;default&#8221; background_color=&#8221;#ffffff&#8221; global_colors_info=&#8221;{}&#8221;][et_pb_column type=&#8221;1_2&#8243; _builder_version=&#8221;4.6.5&#8243; _module_preset=&#8221;default&#8221; global_colors_info=&#8221;{}&#8221;][et_pb_blurb title=&#8221;Visi\u00f3n&#8221; use_icon=&#8221;on&#8221; font_icon=&#8221;&#xe01c;||divi||400&#8243; _builder_version=&#8221;4.13.0&#8243; _module_preset=&#8221;default&#8221; header_font=&#8221;|700||||on|||&#8221; header_text_align=&#8221;center&#8221; header_font_size=&#8221;30px&#8221; body_font_size=&#8221;15px&#8221; text_orientation=&#8221;justified&#8221; custom_padding=&#8221;15px|15px|15px|15px|true|true&#8221; animation_style=&#8221;zoom&#8221; animation_direction=&#8221;left&#8221; border_radii=&#8221;on|20px|20px|20px|20px&#8221; border_width_all=&#8221;10px&#8221; border_color_all=&#8221;#0c46c4&#8243; box_shadow_style=&#8221;preset2&#8243; global_colors_info=&#8221;{}&#8221;]<\/p>\n<p>La\u00a0Fundaci\u00f3n\u00a0PIA\u00a0espera\u00a0crear\u00a0un\u00a0sistema libre de estigma, basado en la investigaci\u00f3n y la colaboraci\u00f3n con la comunidad afectada.<\/p>\n<p>Implementando\u00a0teor\u00edas\u00a0e\u00a0intervenciones efectivas\u00a0para\u00a0proveer tratamiento y\u00a0recuperaci\u00f3n\u00a0a\u00a0todas las personas y\u00a0comunidades necesitadas, incluyendo la creaci\u00f3n de\u00a0espacios\u00a0seguros y familiares para un sistema de apoyo de salud mental integral.<\/p>\n<p>[\/et_pb_blurb][\/et_pb_column][et_pb_column type=&#8221;1_2&#8243; _builder_version=&#8221;4.6.5&#8243; _module_preset=&#8221;default&#8221; global_colors_info=&#8221;{}&#8221;][et_pb_blurb title=&#8221;Misi\u00f3n&#8221; use_icon=&#8221;on&#8221; font_icon=&#8221;&#xe038;||divi||400&#8243; _builder_version=&#8221;4.13.0&#8243; _module_preset=&#8221;default&#8221; header_font=&#8221;|700||||on|||&#8221; header_text_align=&#8221;center&#8221; header_font_size=&#8221;30px&#8221; body_font_size=&#8221;15px&#8221; text_orientation=&#8221;justified&#8221; custom_padding=&#8221;15px|15px|15px|15px|true|true&#8221; animation_style=&#8221;zoom&#8221; animation_direction=&#8221;right&#8221; border_radii=&#8221;on|20px|20px|20px|20px&#8221; border_width_all=&#8221;10px&#8221; border_color_all=&#8221;#0c46c4&#8243; box_shadow_style=&#8221;preset2&#8243; global_colors_info=&#8221;{}&#8221;]<\/p>\n<p>Proveer Servicios de salud y bienestar a todas las personas con necesidad y deseos de recuperarse. Utilizando sus recursos y destrezas personales con apoyo de la comunidad para obtener un bienestar integral.\u00a0<\/p>\n<p>&nbsp;<\/p>\n<p>&nbsp;<\/p>\n<p>[\/et_pb_blurb][\/et_pb_column][\/et_pb_row][\/et_pb_section][et_pb_section fb_built=&#8221;1&#8243; prev_background_color=&#8221;#ffffff&#8221; next_background_color=&#8221;#ffffff&#8221; _builder_version=&#8221;4.6.5&#8243; _module_preset=&#8221;default&#8221; background_color=&#8221;#0c46c4&#8243; top_divider_style=&#8221;slant2&#8243; top_divider_flip=&#8221;horizontal&#8221; bottom_divider_style=&#8221;slant2&#8243; da_disable_devices=&#8221;off|off|off&#8221; global_colors_info=&#8221;{}&#8221; da_is_popup=&#8221;off&#8221; da_exit_intent=&#8221;off&#8221; da_has_close=&#8221;on&#8221; da_alt_close=&#8221;off&#8221; da_dark_close=&#8221;off&#8221; da_not_modal=&#8221;on&#8221; da_is_singular=&#8221;off&#8221; da_with_loader=&#8221;off&#8221; da_has_shadow=&#8221;on&#8221;][et_pb_row column_structure=&#8221;1_2,1_2&#8243; make_equal=&#8221;on&#8221; _builder_version=&#8221;4.6.5&#8243; _module_preset=&#8221;default&#8221; global_colors_info=&#8221;{}&#8221;][et_pb_column type=&#8221;1_2&#8243; _builder_version=&#8221;4.6.5&#8243; _module_preset=&#8221;default&#8221; global_colors_info=&#8221;{}&#8221;][et_pb_blurb title=&#8221;Nuestros Valores&#8221; use_icon=&#8221;on&#8221; font_icon=&#8221;&#xe030;||divi||400&#8243; icon_color=&#8221;#ffffff&#8221; _builder_version=&#8221;4.13.0&#8243; _module_preset=&#8221;default&#8221; header_font=&#8221;|700||||on|||&#8221; header_text_align=&#8221;center&#8221; header_font_size=&#8221;25px&#8221; background_layout=&#8221;dark&#8221; global_colors_info=&#8221;{}&#8221;]<\/p>\n<p><span><\/span><\/p>\n<p><span>Acordamos guiar nuestra\u00a0misi\u00f3n\u00a0acogiendo\u00a0los siguientes y en conformidad con lo que pide el Ministerio de\u00a0Salud\u00a0P\u00fablica del Ecuador:<\/span><\/p>\n<p>[\/et_pb_blurb][et_pb_text _builder_version=&#8221;4.6.5&#8243; _module_preset=&#8221;default&#8221; text_text_color=&#8221;#ffffff&#8221; text_font_size=&#8221;16px&#8221; header_2_font=&#8221;|700||||on|||&#8221; header_2_text_color=&#8221;#ffffff&#8221; animation_style=&#8221;slide&#8221; animation_direction=&#8221;left&#8221; global_colors_info=&#8221;{}&#8221;]<\/p>\n<p><span><\/span><\/p>\n<ul>\n<li><span><strong>Respeto<\/strong><\/span><\/li>\n<\/ul>\n<p style=\"padding-left: 30px;\"><span>Entendemos que todas las personas son iguales y merecen el mejor servicio, por lo que nos comprometemos a respetar su dignidad y a atender sus necesidades teniendo en cuenta, en todo momento, sus derechos.<\/span><span>\u00a0<\/span><\/p>\n<ul>\n<li><span><strong>Inclusi\u00f3n<\/strong><\/span><\/li>\n<\/ul>\n<p style=\"padding-left: 30px;\"><span>Reconocemos que los grupos sociales son distintos y valoramos sus diferencias.<\/span><span>\u00a0<\/span><\/p>\n<p><span><\/span><\/p>\n<p><span><\/span><\/p>\n<p>[\/et_pb_text][\/et_pb_column][et_pb_column type=&#8221;1_2&#8243; _builder_version=&#8221;4.6.5&#8243; _module_preset=&#8221;default&#8221; global_colors_info=&#8221;{}&#8221;][et_pb_text _builder_version=&#8221;4.6.5&#8243; _module_preset=&#8221;default&#8221; text_text_color=&#8221;#ffffff&#8221; text_font_size=&#8221;16px&#8221; header_2_text_color=&#8221;#ffffff&#8221; animation_style=&#8221;slide&#8221; animation_direction=&#8221;right&#8221; global_colors_info=&#8221;{}&#8221;]<\/p>\n<p><span><strong><\/strong><\/span><\/p>\n<p><span><\/span><\/p>\n<p>&nbsp;<\/p>\n<p style=\"padding-left: 30px;\"><span><\/span><\/p>\n<ul>\n<li><span><strong>Vocaci\u00f3n de servicio<\/strong><\/span><\/li>\n<\/ul>\n<p style=\"padding-left: 30px;\"><span>Nuestra labor diaria lo hacemos con pasi\u00f3n.<\/span><span>\u00a0<\/span><\/p>\n<ul>\n<li><span><strong>Compromiso<\/strong><\/span><\/li>\n<\/ul>\n<p style=\"padding-left: 30px;\"><span>Nos comprometemos a que nuestras capacidades cumplan con todo aquello que se nos ha confiado.<\/span><span>\u00a0<\/span><\/p>\n<ul>\n<li><span><strong>Integridad<\/strong><\/span><\/li>\n<\/ul>\n<p style=\"padding-left: 30px;\"><span>Tenemos la capacidad para decidir responsablemente sobre nuestro comportamiento.<\/span><span>\u00a0<\/span><\/p>\n<ul>\n<li><span><strong>Justicia<\/strong><\/span><\/li>\n<\/ul>\n<p style=\"padding-left: 30px;\"><span>Creemos que todas las personas tienen las mismas oportunidades y trabajamos para ello.<\/span><span>\u00a0<\/span><\/p>\n<ul>\n<li><span><strong>Lealtad<\/strong><\/span><\/li>\n<\/ul>\n<p style=\"padding-left: 30px;\"><span>Confianza y defensa de los valores, principios y objetivos de la entidad, garantizando los derechos individuales y colectivos.<\/span><span>\u00a0<\/span><\/p>\n<p>[\/et_pb_text][\/et_pb_column][\/et_pb_row][\/et_pb_section][et_pb_section fb_built=&#8221;1&#8243; _builder_version=&#8221;4.9.4&#8243; _module_preset=&#8221;default&#8221; da_disable_devices=&#8221;off|off|off&#8221; locked=&#8221;off&#8221; global_colors_info=&#8221;{}&#8221; da_is_popup=&#8221;off&#8221; da_exit_intent=&#8221;off&#8221; da_has_close=&#8221;on&#8221; da_alt_close=&#8221;off&#8221; da_dark_close=&#8221;off&#8221; da_not_modal=&#8221;on&#8221; da_is_singular=&#8221;off&#8221; da_with_loader=&#8221;off&#8221; da_has_shadow=&#8221;on&#8221;][et_pb_row _builder_version=&#8221;4.9.4&#8243; _module_preset=&#8221;default&#8221; global_colors_info=&#8221;{}&#8221;][et_pb_column type=&#8221;4_4&#8243; _builder_version=&#8221;4.9.4&#8243; _module_preset=&#8221;default&#8221; global_colors_info=&#8221;{}&#8221;][et_pb_text _builder_version=&#8221;4.14.7&#8243; _module_preset=&#8221;default&#8221; header_2_font=&#8221;|700|||||||&#8221; header_2_text_align=&#8221;center&#8221; header_2_font_size=&#8221;28px&#8221; header_2_text_shadow_style=&#8221;preset1&#8243; global_colors_info=&#8221;{}&#8221;]<\/p>\n<h2 style=\"text-align: center;\">Nuestro Equipo<\/h2>\n<p>[\/et_pb_text][\/et_pb_column][\/et_pb_row][et_pb_row column_structure=&#8221;1_2,1_2&#8243; use_custom_gutter=&#8221;on&#8221; gutter_width=&#8221;2&#8243; _builder_version=&#8221;4.9.4&#8243; _module_preset=&#8221;default&#8221; width=&#8221;90%&#8221; max_width=&#8221;90%&#8221; custom_padding=&#8221;0px||||false|false&#8221; global_colors_info=&#8221;{}&#8221;][et_pb_column type=&#8221;1_2&#8243; _builder_version=&#8221;4.9.4&#8243; _module_preset=&#8221;default&#8221; hover_enabled=&#8221;0&#8243; global_colors_info=&#8221;{}&#8221; sticky_enabled=&#8221;0&#8243;][et_pb_team_member name=&#8221;Richard Strand Alarcon&#8221; position=&#8221;Director Fundador&#8221; image_url=&#8221;https:\/\/fundacionpia.org\/wp-content\/uploads\/2022\/02\/Richard-150&#215;150.jpg&#8221; facebook_url=&#8221;Richard Strand Alarcon&#8221; twitter_url=&#8221;richard&#8221; linkedin_url=&#8221;richard&#8221; _builder_version=&#8221;4.14.7&#8243; _module_preset=&#8221;default&#8221; header_font=&#8221;Bai Jamjuree|700|||||||&#8221; header_text_align=&#8221;center&#8221; header_text_color=&#8221;#FFFFFF&#8221; header_font_size=&#8221;20px&#8221; body_font=&#8221;Ubuntu|300|||||||&#8221; body_text_color=&#8221;#FFFFFF&#8221; position_font=&#8221;|700||on|||||&#8221; position_text_align=&#8221;center&#8221; position_text_color=&#8221;#FFFFFF&#8221; background_color=&#8221;#0C46C4&#8243; custom_margin=&#8221;|-14px||||&#8221; custom_padding=&#8221;10px|10px||10px|false|false&#8221; animation_style=&#8221;bounce&#8221; hover_enabled=&#8221;0&#8243; header_text_shadow_style=&#8221;preset1&#8243; border_radii=&#8221;on|30px|30px|30px|30px&#8221; global_colors_info=&#8221;{}&#8221; sticky_enabled=&#8221;0&#8243; module_alignment=&#8221;center&#8221;]<\/p>\n<p style=\"text-align: justify;\">A pesar de tener una familia y disfrutar de mi ni\u00f1ez, fui expuesto a trauma y estr\u00e9s severo. Como resultado de esto, mi vida no tuvo la oportunidad de desarrollarse normalmente. Mi pasi\u00f3n es siempre conocer y aprender m\u00e1s sobre trauma, adicci\u00f3n y mi experiencia vivida para ofrecer alivio y apoyo a personas que han vivido una experiencia traum\u00e1tica o adicci\u00f3n. Yo ayudo a mis pacientes a encontrar una imagen saludable de s\u00ed mismos, a fortalecer sus relaciones con otros y ser miembros activos de sus comunidades.<\/p>\n<p>S\u00e9 que hay muchas maneras de ayudar a una persona. Es por esto que me he especializado en varias terapias incluyendo la facilitaci\u00f3n de los 12 pasos de Alcoh\u00f3licos An\u00f3nimos, Terapia conductiva conductual, Terapia de conducta dial\u00e9ctica, y Desensibilizaci\u00f3n y reprocesamiento por movimientos oculares (EMDR).<\/p>\n<p>Mi formaci\u00f3n profesional incluye una Maestr\u00eda en Trabajo Social con \u00c9nfasis en Poblaci\u00f3n Global de Migrantes y Redes Sociales de Hunter College en la ciudad de Nueva York y una Licencia de Trabajo Social Cl\u00ednico del Estado de Nueva York. (LCSW).<\/p>\n<p>He sido Director de uno de los centros de capacitaci\u00f3n m\u00e1s grandes y prestigiosos del Estado de Nueva York, He servido con la apertura de la Casa Ecuatoriana en Nueva York como Coordinador del \u00e1rea de Social y de Salud.<\/p>\n<p>[\/et_pb_team_member][\/et_pb_column][et_pb_column type=&#8221;1_2&#8243; _builder_version=&#8221;4.9.4&#8243; _module_preset=&#8221;default&#8221; global_colors_info=&#8221;{}&#8221;][et_pb_team_member name=&#8221;Ana Carrera Pazmi\u00f1o&#8221; position=&#8221;Director Fundador&#8221; image_url=&#8221;https:\/\/fundacionpia.org\/wp-content\/uploads\/2022\/02\/Anita-150&#215;150.jpg&#8221; facebook_url=&#8221;ana&#8221; linkedin_url=&#8221;ana&#8221; _builder_version=&#8221;4.14.7&#8243; _module_preset=&#8221;default&#8221; header_font=&#8221;Bai Jamjuree|700|||||||&#8221; header_text_align=&#8221;center&#8221; header_text_color=&#8221;#FFFFFF&#8221; header_font_size=&#8221;20px&#8221; body_font=&#8221;Ubuntu|300|||||||&#8221; body_text_color=&#8221;#FFFFFF&#8221; position_font=&#8221;|700||on|||||&#8221; position_text_align=&#8221;center&#8221; position_text_color=&#8221;#FFFFFF&#8221; background_color=&#8221;#0C46C4&#8243; custom_margin=&#8221;|-14px||||&#8221; custom_padding=&#8221;10px|10px||10px|false|false&#8221; animation_style=&#8221;bounce&#8221; header_text_shadow_style=&#8221;preset1&#8243; border_radii=&#8221;on|30px|30px|30px|30px&#8221; global_colors_info=&#8221;{}&#8221;]<\/p>\n<p>Mi pasi\u00f3n por aprender diferentes artes se puede ver desde antes de mis d\u00edas de profesional cuando ya hab\u00eda completado cursos de modister\u00eda y artesan\u00edas<\/p>\n<p>La raz\u00f3n por la cual he seguido estos cursos y actividades es porque me gusta motivar a la gente sobre las cosas que a m\u00ed me han motivado e interesado. En este momento es apoyar a la Fundaci\u00f3n Pia con mis conocimientos y experiencias personales y profesionales.<\/p>\n<p>Como Madre y Abuela estoy comprometida al cuidado y educaci\u00f3n de mis nietos para que no olviden las tradiciones de mi pa\u00eds. Como tambi\u00e9n a la fabricaci\u00f3n y ense\u00f1anza de artes manuales. Estoy disponible para oportunidades de ense\u00f1anza y compartimiento.<\/p>\n<p>Mi educaci\u00f3n es variada y mi experiencia en el campo educativo es extensa. Tengo un Bachiller en Ciencias Contables en el Colegio Nacional T\u00e9cnico \u201cJulio Moreno Espinoza \u201c. Bachiller en Ciencias de la Educaci\u00f3n en el Instituto Superior # 1, Quito. Y T\u00edtulo de Maestra Artesana de la Junta Nacional del Artesano.<\/p>\n<p>Mi experiencia profesional ha sido: Profesora de manualidades y de Segundo grado en la Escuela Particular P\u00edo XII. Propietaria y Directora Administrativa del Colegio Particular \u201c GENERAL RUMINAHUI \u201c.<\/p>\n<p>[\/et_pb_team_member][\/et_pb_column][\/et_pb_row][et_pb_row column_structure=&#8221;1_2,1_2&#8243; use_custom_gutter=&#8221;on&#8221; gutter_width=&#8221;2&#8243; _builder_version=&#8221;4.9.4&#8243; _module_preset=&#8221;default&#8221; width=&#8221;90%&#8221; max_width=&#8221;90%&#8221; custom_padding=&#8221;0px||||false|false&#8221; global_colors_info=&#8221;{}&#8221;][et_pb_column type=&#8221;1_2&#8243; _builder_version=&#8221;4.9.4&#8243; _module_preset=&#8221;default&#8221; global_colors_info=&#8221;{}&#8221;][et_pb_team_member name=&#8221;Gabriel Gonzalo Rojas Navas&#8221; position=&#8221;Director Fundador&#8221; image_url=&#8221;https:\/\/fundacionpia.org\/wp-content\/uploads\/2022\/02\/Gabriel-150&#215;150.jpg&#8221; facebook_url=&#8221;gabriel&#8221; twitter_url=&#8221;gabriel&#8221; google_url=&#8221;gabriel&#8221; linkedin_url=&#8221;gabriel&#8221; _builder_version=&#8221;4.14.7&#8243; _module_preset=&#8221;default&#8221; header_font=&#8221;Bai Jamjuree|700|||||||&#8221; header_text_align=&#8221;center&#8221; header_text_color=&#8221;#FFFFFF&#8221; header_font_size=&#8221;20px&#8221; body_font=&#8221;Ubuntu|300|||||||&#8221; body_text_color=&#8221;#FFFFFF&#8221; position_font=&#8221;|700||on|||||&#8221; position_text_align=&#8221;center&#8221; position_text_color=&#8221;#FFFFFF&#8221; background_color=&#8221;#0C46C4&#8243; custom_margin=&#8221;|-14px||||&#8221; custom_padding=&#8221;10px|10px||10px|false|false&#8221; animation_style=&#8221;bounce&#8221; header_text_shadow_style=&#8221;preset1&#8243; border_radii=&#8221;on|30px|30px|30px|30px&#8221; global_colors_info=&#8221;{}&#8221;]<\/p>\n<p>Tengo un diplomado en Direcci\u00f3n de Empresas PDD en el IDE, Instituto de Desarrollo Empresarial, Guayaquil, Quito y Bogot\u00e1. Soy un profesional con 21 a\u00f1os de experiencia en la administraci\u00f3n, ventas, an\u00e1lisis y distribuci\u00f3n de Sistemas y Equipos de automatizaci\u00f3n para la Industria de la Confecci\u00f3n. He dirigido e impulsado la automatizaci\u00f3n de los procesos de producci\u00f3n en la Industria de la confecci\u00f3n a nivel nacional, brindando asesor\u00eda, an\u00e1lisis y soporte a las empresas fabricantes de ropa, muebles, veh\u00edculos, etc.<\/p>\n<p>Antes de iniciar mi negocio, fui Ejecutivo de ventas de Sistemas de computaci\u00f3n en EICA &#8211; IMC, durante 5 a\u00f1os. Logre una Distinci\u00f3n por mayor volumen de ventas de Equipos de computaci\u00f3n IBM de Latinoam\u00e9rica. He organizado seminarios y ferias para la presentaci\u00f3n de los Sistemas de GERBER Technology y fui gerente de una empresa que introdujo una nueva marca DFI en el mercado nacional ecuatoriano.<\/p>\n<p>Mi pasi\u00f3n es mi familia y ayudar a otros a alcanzar su potencial profesional<\/p>\n<p>[\/et_pb_team_member][\/et_pb_column][et_pb_column _builder_version=&#8221;4.14.7&#8243; _module_preset=&#8221;default&#8221; type=&#8221;1_2&#8243;][et_pb_team_member name=&#8221;Paola Strand \u00c1lvarez&#8221; position=&#8221;Director Fundador&#8221; image_url=&#8221;https:\/\/fundacionpia.org\/wp-content\/uploads\/2022\/02\/Paola-150&#215;150.jpg&#8221; facebook_url=&#8221;ana&#8221; linkedin_url=&#8221;ana&#8221; _builder_version=&#8221;4.14.7&#8243; _module_preset=&#8221;default&#8221; header_font=&#8221;Bai Jamjuree|700|||||||&#8221; header_text_align=&#8221;center&#8221; header_text_color=&#8221;#FFFFFF&#8221; header_font_size=&#8221;20px&#8221; body_font=&#8221;Ubuntu|300|||||||&#8221; body_text_color=&#8221;#FFFFFF&#8221; position_font=&#8221;|700||on|||||&#8221; position_text_align=&#8221;center&#8221; position_text_color=&#8221;#FFFFFF&#8221; background_color=&#8221;#0C46C4&#8243; custom_margin=&#8221;|-14px||||&#8221; custom_padding=&#8221;10px|10px||10px|false|false&#8221; animation_style=&#8221;bounce&#8221; header_text_shadow_style=&#8221;preset1&#8243; border_radii=&#8221;on|30px|30px|30px|30px&#8221; global_colors_info=&#8221;{}&#8221;]<\/p>\n<p>Cuando era una adolescente no sab\u00eda qu\u00e9 era lo que yo quer\u00eda ser, no ten\u00eda claro el por qu\u00e9 estaba aqu\u00ed. Mi escuela primaria fue la escuela p\u00fablica 9 de octubre y en la secundaria me gradu\u00e9 en el colegio Marista Pio XII con el t\u00edtulo de Bachiller en ciencias administrativas.<\/p>\n<p>Al pasar los a\u00f1os me fui dando cuenta que mi vida y mi vocaci\u00f3n siempre se inclinaba en ayudar a los dem\u00e1s, por lo que en mi historia profesional cuento con experiencia en el \u00e1mbito de ayuda social, tengo un t\u00edtulo universitario en ciencias, trabaje con las v\u00edctimas indocumentadas del 911, ense\u00f1e ingl\u00e9s b\u00e1sico a jornaleros reci\u00e9n llegados al pa\u00eds, en el centro de detenci\u00f3n juvenil de mujeres, como consejera de abuso de sustancias, fui voluntaria en el distrito escolar de Queens y fui parte de su mesa directiva y en la actualidad trabajo con las escuelas de Charlotte como int\u00e9rprete.<\/p>\n<p>[\/et_pb_team_member][\/et_pb_column][\/et_pb_row][\/et_pb_section]<\/p>\n","protected":false},"excerpt":{"rendered":"<p>La Fundaci\u00f3n P\u00eda Nace del amor incondicional, perseverancia y fe de una Madre preocupada por la salud mental, f\u00edsica y espiritual de su hijo. No sabiendo lo que estaba sucediendo con su hijo acudi\u00f3 a varios recursos que hab\u00eda disponibles en su tiempo, psicolog\u00eda, polic\u00eda y la iglesia. La psicolog\u00eda la ayudo a entender lo [&hellip;]<\/p>\n","protected":false},"author":1,"featured_media":0,"parent":0,"menu_order":0,"comment_status":"closed","ping_status":"closed","template":"","meta":{"_et_pb_use_builder":"on","_et_pb_old_content":"","_et_gb_content_width":"","footnotes":""},"class_list":["post-46","page","type-page","status-publish","hentry"],"_links":{"self":[{"href":"https:\/\/fundacionpia.org\/index.php?rest_route=\/wp\/v2\/pages\/46","targetHints":{"allow":["GET"]}}],"collection":[{"href":"https:\/\/fundacionpia.org\/index.php?rest_route=\/wp\/v2\/pages"}],"about":[{"href":"https:\/\/fundacionpia.org\/index.php?rest_route=\/wp\/v2\/types\/page"}],"author":[{"embeddable":true,"href":"https:\/\/fundacionpia.org\/index.php?rest_route=\/wp\/v2\/users\/1"}],"replies":[{"embeddable":true,"href":"https:\/\/fundacionpia.org\/index.php?rest_route=%2Fwp%2Fv2%2Fcomments&post=46"}],"version-history":[{"count":20,"href":"https:\/\/fundacionpia.org\/index.php?rest_route=\/wp\/v2\/pages\/46\/revisions"}],"predecessor-version":[{"id":421,"href":"https:\/\/fundacionpia.org\/index.php?rest_route=\/wp\/v2\/pages\/46\/revisions\/421"}],"wp:attachment":[{"href":"https:\/\/fundacionpia.org\/index.php?rest_route=%2Fwp%2Fv2%2Fmedia&parent=46"}],"curies":[{"name":"wp","href":"https:\/\/api.w.org\/{rel}","templated":true}]}}